mon divisor of 478812 and 36.
12
Calculate the greatest common factor of 2843891 and 387.
43
What is the greatest common divisor of 332980 and 20?
20
What is the greatest common divisor of 1088 and 695130?
34
Calculate the greatest common factor of 842608 and 832.
208
What is the highest common divisor of 32984 and 17528?
56
Calculate the greatest common divisor of 10974 and 30326.
118
What is the greatest common factor of 775 and 186425?
25
What is the greatest common factor of 6897810 and 90?
30
What is the greatest common factor of 6246 and 130472?
694
Calculate the highest common factor of 94544 and 816.
16
What is the highest common factor of 22014 and 2070?
18
What is the highest common factor of 84014 and 35?
7
Calculate the greatest common divisor of 4455 and 550.
55
What is the highest common divisor of 6235 and 58?
29
Calculate the greatest common factor of 55742 and 235.
47
What is the highest common factor of 2 and 114406?
2
What is the greatest common factor of 378 and 470610?
378
Calculate the greatest common factor of 3160 and 12956.
316
Calculate the highest common divisor of 2413 and 6604.
127
What is the highest common factor of 677 and 22?
1
What is the greatest common divisor of 537964 and 4?
4
What is the greatest common divisor of 238 and 67796?
34
Calculate the greatest common factor of 17675 and 245.
35
What is the highest common divisor of 4 and 67100?
4
Calculate the greatest common divisor of 136 and 6099634.
34
Calculate the greatest common divisor of 133 and 551.
19
What is the highest common divisor of 124623 and 2013?
183
Calculate the highest common divisor of 231 and 159995.
11
Calculate the greatest common factor of 382599 and 18.
9
Calculate the greatest common factor of 3395266 and 70.
14
What is the greatest common factor of 7706199 and 101?
101
What is the highest common factor of 23324 and 1513?
17
What is the highest common factor of 969 and 459?
51
What is the highest common factor of 10591 and 357?
119
What is the greatest common divisor of 2113694 and 1276?
638
What is the highest common divisor of 44235 and 10?
5
What is the greatest common divisor of 21 and 2133033?
21
Calculate the greatest common factor of 123824 and 97664.
1744
What is the greatest common factor of 8642 and 1856?
58
What is the highest common factor of 1956187 and 188?
47
Calculate the greatest common factor of 6916 and 23959.
247
What is the highest common divisor of 16132 and 3996?
148
Calculate the greatest common factor of 30 and 107430.
30
Calculate the greatest common factor of 92416 and 256.
256
Calculate the greatest common divisor of 1114 and 4403085.
557
What is the greatest common divisor of 44946 and 1199?
11
What is the highest common factor of 59939 and 11?
11
Calculate the highest common divisor of 623 and 763.
7
Calculate the greatest common factor of 1687210 and 280.
70
What is the highest common factor of 335504 and 80?
16
What is the highest common factor of 47030 and 20?
10
What is the greatest common divisor of 34 and 4549234?
34
What is the greatest common divisor of 3712 and 696?
232
Calculate the greatest common divisor of 287 and 2683368.
41
Calculate the greatest common factor of 391 and 4471.
17
What is the highest common factor of 60 and 1087140?
60
What is the greatest common factor of 1763228 and 8?
4
Calculate the greatest common factor of 220 and 4708.
44
What is the greatest common factor of 21 and 2347919?
7
What is the greatest common divisor of 292518 and 54?
54
What is the highest common divisor of 34999 and 2542?
31
Calculate the greatest common factor of 2666 and 112561.
31
Calculate the greatest common factor of 47 and 11380533.
47
What is the greatest common divisor of 475 and 1801675?
475
Calculate the highest common divisor of 26341 and 4823.
371
What is the greatest common factor of 434 and 135098?
62
What is the greatest common divisor of 10028 and 2116?
92
Calculate the greatest common factor of 1008 and 320.
16
What is the greatest common factor of 231 and 24801?
21
Calculate the greatest common divisor of 639 and 2209023.
639
Calculate the highest common divisor of 130380 and 240.
60
Calculate the greatest common factor of 1052 and 74166.
526
What is the highest common factor of 470 and 156070?
10
Calculate the highest common divisor of 42 and 318129.
21
Calculate the highest common factor of 1356750 and 536.
134
Calculate the highest common factor of 70304 and 91.
13
What is the highest common divisor of 15996 and 3483?
129
Calculate the greatest common divisor of 278 and 762137.
139
What is the greatest common factor of 7140 and 1275?
255
Calculate the greatest common divisor of 29 and 43877.
29
Calculate the highest common divisor of 4767279 and 242.
121
Calculate the greatest common divisor of 43681 and 57.
19
What is the greatest common factor of 27 and 4807863?
27
Calculate the greatest common factor of 306459 and 153.
153
Calculate the highest common factor of 244 and 1144.
4
What is the greatest common factor of 924 and 5124?
84
Calculate the greatest common divisor of 122 and 61488.
122
Calculate the greatest common factor of 465 and 44790.
15
Calculate the greatest common factor of 24996 and 156.
12
What is the greatest common factor of 230 and 5394466?
46
What is the highest common divisor of 43232 and 8?
8
Calculate the greatest common divisor of 529 and 90229.
23
What is the greatest common divisor of 1 and 13679?
1
Calculate the greatest common factor of 2222 and 5302.
22
Calculate the greatest common factor of 423282 and 1896.
474
What is the greatest common divisor of 2892598 and 76?
38
Calculate the highest common divisor of 4170 and 2130.
30
What is the highest common divisor of 3042 and 29068?
338
Calculate the greatest common factor of 504 and 5400.
72
Calculate the greatest common factor of 1319703 and 66.
33
Calculate the greatest common divisor of 7232 and 71868.
452
What is the highest common divisor of 598025 and 475?
475
What is the greatest common factor of 2190 and 540?
30
Calculate the highest common divisor of 5470 and 440.
10
What is the greatest common factor of 1935 and 41409?
387
What is the greatest common divisor of 6948 and 87236?
772
Calculate the greatest common divisor of 80788 and 76.
76
What is the greatest common factor of 27009 and 135?
9
What is the greatest common factor of 672562 and 418?
418
Calculate the greatest common factor of 192 and 348.
12
Calculate the greatest common factor of 13744 and 144.
16
What is the highest common factor of 42975 and 13275?
225
Calculate the greatest common factor of 192 and 58224.
48
Calculate the greatest common factor of 2358 and 1897666.
262
What is the highest common factor of 52608 and 204?
12
What is the greatest common factor of 204 and 31875?
51
What is the greatest common divisor of 1249 and 8149725?
1249
Calculate the greatest common factor of 7248 and 22197.
453
What is the greatest common factor of 7 and 144039?
7
What is the highest common divisor of 47509 and 693?
77
What is the greatest common factor of 904 and 88?
8
Calculate the greatest common divisor of 14 and 7730856.
14
Calculate the highest common divisor of 575337 and 189.
21
What is the greatest common factor of 996 and 46148?
332
What is the greatest common divisor of 41787 and 72?
9
Calculate the greatest common divisor of 79488 and 3.
3
What is the greatest common factor of 1217172 and 11?
11
What is the highest common factor of 1030475 and 2631?
877
What is the greatest common divisor of 22075 and 100?
25
Calculate the highest common factor of 7124 and 1508.
52
Calculate the greatest common divisor of 225 and 18.
9
Calculate the highest common factor of 508 and 62103.
127
Calculate the highest common factor of 165 and 31229.
11
What is the greatest common divisor of 150442 and 37?
37
Calculate the greatest common factor of 276 and 243.
3
What is the greatest common divisor of 124112 and 48?
16
What is the highest common factor of 2523169 and 1265?
253
What is the greatest common factor of 11184 and 36?
12
What is the greatest common divisor of 845 and 956371?
169
What is the highest common divisor of 4 and 393330?
2
What is the highest common divisor of 4986 and 27054?
18
Calculate the greatest common divisor of 39 and 